igit of 1430?
3
What is the units digit of 2062?
2
What is the ten thousands digit of 41789?
4
What is the thousands digit of 48114?
8
What is the thousands digit of 34366?
4
What is the thousands digit of 3658?
3
What is the units digit of 8077?
7
What is the hundreds digit of 27309?
3
What is the ten thousands digit of 68392?
6
What is the thousands digit of 11121?
1
What is the hundreds digit of 5054?
0
What is the tens digit of 7590?
9
What is the units digit of 128?
8
What is the units digit of 9089?
9
What is the units digit of 6645?
5
What is the tens digit of 816?
1
What is the hundreds digit of 1756?
7
What is the hundreds digit of 1021?
0
What is the tens digit of 761?
6
What is the tens digit of 1665?
6
What is the ten thousands digit of 19293?
1
What is the hundreds digit of 36491?
4
What is the units digit of 609?
9
What is the thousands digit of 4285?
4
What is the thousands digit of 40181?
0
What is the hundreds digit of 54064?
0
What is the units digit of 2475?
5
What is the hundreds digit of 7470?
4
What is the thousands digit of 13706?
3
What is the ten thousands digit of 89620?
8
What is the tens digit of 8789?
8
What is the units digit of 599?
9
What is the hundreds digit of 58505?
5
What is the ten thousands digit of 24029?
2
What is the hundreds digit of 6433?
4
What is the units digit of 145019?
9
What is the hundreds digit of 23755?
7
What is the tens digit of 7992?
9
What is the hundreds digit of 768?
7
What is the units digit of 1397?
7
What is the ten thousands digit of 167961?
6
What is the thousands digit of 164983?
4
What is the tens digit of 10300?
0
What is the hundreds digit of 5911?
9
What is the hundreds digit of 99732?
7
What is the tens digit of 207?
0
What is the ten thousands digit of 51554?
5
What is the tens digit of 1474?
7
What is the tens digit of 41?
4
What is the units digit of 1178?
8
What is the hundreds digit of 2361?
3
What is the units digit of 1682?
2
What is the units digit of 47725?
5
What is the thousands digit of 12804?
2
What is the ten thousands digit of 19903?
1
What is the units digit of 2351?
1
What is the hundreds digit of 9594?
5
What is the thousands digit of 1012?
1
What is the hundreds digit of 512?
5
What is the tens digit of 2251?
5
What is the hundreds digit of 3713?
7
What is the tens digit of 3857?
5
What is the units digit of 2104?
4
What is the thousands digit of 165007?
5
What is the thousands digit of 1162?
1
What is the hundreds digit of 5153?
1
What is the tens digit of 57483?
8
What is the units digit of 8526?
6
What is the hundreds digit of 785?
7
What is the units digit of 120515?
5
What is the hundreds digit of 85908?
9
What is the hundreds digit of 219?
2
What is the hundreds digit of 2697?
6
What is the tens digit of 4364?
6
What is the units digit of 5402?
2
What is the ten thousands digit of 14923?
1
What is the tens digit of 1254?
5
What is the units digit of 5231?
1
What is the hundreds digit of 38317?
3
What is the hundreds digit of 28667?
6
What is the thousands digit of 89301?
9
What is the hundreds digit of 711?
7
What is the tens digit of 29467?
6
What is the hundred thousands digit of 100125?
1
What is the units digit of 24449?
9
What is the thousands digit of 8495?
8
What is the tens digit of 43864?
6
What is the hundreds digit of 1205?
2
What is the tens digit of 3084?
8
What is the thousands digit of 76491?
6
What is the thousands digit of 9431?
9
What is the hundreds digit of 823?
8
What is the hundreds digit of 25123?
1
What is the ten thousands digit of 26322?
2
What is the tens digit of 241?
4
What is the tens digit of 1357?
5
What is the ten thousands digit of 102888?
0
What is the thousands digit of 57832?
7
What is the units digit of 4363?
3
What is the units digit of 2530?
0
What is the tens digit of 5474?
7
What is the hundreds digit of 27103?
1
What is the thousands digit of 26547?
6
What is the tens digit of 1176?
7
What is the ten thousands digit of 28414?
2
What is the units digit of 686?
6
What is the units digit of 171?
1
What is the thousands digit of 1672?
1
What is the hundreds digit of 45237?
2
What is the hundreds digit of 1239?
2
What is the tens digit of 742?
4
What is the ten thousands digit of 34558?
3
What is the hundreds digit of 4223?
2
What is the tens digit of 90525?
2
What is the hundreds digit of 3261?
2
What is the tens digit of 10548?
4
What is the thousands digit of 69760?
9
What is the thousands digit of 2421?
2
What is the ten thousands digit of 155493?
5
What is the ten thousands digit of 52854?
5
What is the thousands digit of 2802?
2
What is the units digit of 438?
8
What is the units digit of 479?
9
What is the thousands digit of 1790?
1
What is the units digit of 44149?
9
What is the units digit of 7525?
5
What is the ten thousands digit of 16073?
1
What is the tens digit of 853?
5
What is the hundreds digit of 10868?
8
What is the hundreds digit of 16982?
9
What is the tens digit of 4443?
4
What is the tens digit of 12551?
5
What is the thousands digit of 10179?
0
What is the hundreds digit of 420?
4
What is the tens digit of 5444?
4
What is the thousands digit of 4329?
4
What is the units digit of 9841?
1
What is the tens digit of 22053?
5
What is the hundreds digit of 2762?
7
What is the ten thousands digit of 116557?
1
What is the units digit of 588?
8
What is the units digit of 76527?
7
What is the thousands digit of 3041?
3
What is the units digit of 7496?
6
What is the hundreds digit of 289?
2
What is the hundreds digit of 373?
3
What is the hundreds digit of 3976?
9
What is the units digit of 63639?
9
What is the ten thousands digit of 10855?
1
What is the units digit of 68575?
5
What is the thousands digit of 8300?
8
What is the tens digit of 142?
4
What is the ten thousands digit of 49565?
4
What is the ten thousands digit of 76326?
7
What is the units digit of 331?
1
What is the tens digit of 232?
3
What is the tens digit of 107355?
5
What is the hundreds digit of 5604?
6
What is the tens digit of 10045?
4
What is the hundreds digit of 1728?
7
What is the tens digit of 6719?
1
What is the hundreds digit of 1639?
6
What is the units digit of 8253?
3
What is the tens digit of 97428?
2
What is the hundreds digit of 910?
9
What is the tens digit of 1710?
1
What is the tens digit of 2975?
7
What is the hundreds digit of 19316?
3
What is the tens digit of 3720?
2
What is the units digit of 35128?
8
What is the tens digit of 73?
7
What is the thousands digit of 19733?
9
What is the tens digit of 103136?
3
What is the tens digit of 2927?
2
What is the units digit of 84?
4
What is the hundreds digit of 984?
9
What is the units digit of 793?
3
What is the hundreds digit of 5620?
6
What is the ten thousands digit of 30197?
3
What is the tens digit of 1574?
7
What is the tens digit of 2566?
6
What is the tens digit of 1385?
8
What is the units digit of 55639?
9
What is the ten thousands digit of 29002?
2
What is the tens digit of 161651?
5
What is the thousands digit of 8201?
8
What is the units digit of 229?
9
What is the tens digit of 55864?
6
What is the tens digit of 1776?
7
What is the units digit of 1528?
8
What is the thousands digit of 3947?
3
What is the hundreds digit of 2282?
2
What is the units digit of 66841?
1
What is the tens digit of 434?
3
What is the hundreds digit of 12884?
8
What is the tens digit of 9573?
7
What is the tens digit of 20351?
5
What is the tens digit of 452?
5
What is the ten thousands digit of 22438?
2
What is the tens digit of 1243?
4
What is the hundreds digit of 71879?
8
What is the tens digit of 5895?
9
What is the ten thousands digit of 45480?
4
What is the thousands digit of 8610?
8
What is the units digit of 126721?
1
What is the ten thousands digit of 19558?
1
What is the tens digit of 34400?
0
What is the thousands digit of 12929?
2
What is the hundreds digit of 379?
3
What is the tens digit of 1455?
5
What is the thousands digit of 35574?
5
What is the hundreds digit of 1179?
1
What is the ten thousands digit of 20066?
2
What is the units digit of 1731?
1
What is the units digit of 2732?
2
What is the tens digit of 506?
0
What is the tens digit of 692?
9
What is the tens digit of 1760?
6
What is the tens digit of 3670?
7
What is the hundreds digit of 67846?
8
